 -15)?
-10
Calculate 4 + 7 + 2 + -33 + (0 - -12).
-8
5 - 2 - (-42 + 44) - -21
22
Calculate -5 + (22 - 7) + 9 + -6.
13
What is 13 + (4 - (-10 - -15))?
12
What is the value of -17 + (16 + -13 - -11)?
-3
What is the value of 1 + (7 + -7 - -4)?
5
What is the value of (-6 - 1) + -31 - (-34 - -26)?
-30
What is -2 - (3 - (-6 + 14))?
3
Calculate -4 + 0 + (8 - (-2 - (-1 + -1))).
4
Evaluate -358 + 366 - (27 + 0).
-19
(-5 + 3 - 2) + (7 - 15 - -15)
3
What is the value of -3 - -7 - (4 + (2 - (8 - 3)))?
3
Evaluate -23 + 9 + 28 + -1 + -5.
8
0 + -2 + 15 + -4 + -10 + 6
5
Calculate -30 + 6 - (6 + -30).
0
1 - 8 - (4 + -10 - 3) - -3
5
Calculate (-16 - -48) + -7 - 11.
14
What is the value of 3 - ((-5 + 3 - -6) + -1 + -1)?
1
Evaluate -9 + 20 + (-9 - -10).
12
What is (-7 - -1 - (-3 + 30 + -19)) + 0?
-14
Calculate (-1 + -4 - -5) + (17 - 16) - -5.
6
What is 55 - 46 - (-1 - -2)?
8
Calculate -16 - (-27 + 20 + 5 + 0).
-14
What is (-1 - 9) + (0 - (-11 - -10))?
-9
Calculate 5 - (-4 + 13 + 0 + 1).
-5
What is -12 - (-2 + -2 - 17)?
9
What is the value of -13 - (0 - (16 - -4))?
7
What is the value of -12 + (13 + -7 - (-3 - -3 - -5))?
-11
Calculate -2 + 0 + 1 - -9 - -2.
10
Evaluate 12 + (-8 - -22) - (-2 - -1 - -9).
18
Evaluate (-18 - -18) + -4 + (26 + -5 - 7).
10
Evaluate (-19 - -3 - (-31 + -3 - -23)) + 1.
-4
Evaluate (1 - 3) + 5 - (-2 + (16 - 5)).
-6
Calculate (-42 - -27) + 6 + 21 + -2 + 5.
15
Evaluate -2 + -16 + 10 + -14 + 5.
-17
What is the value of -3 + 6 + 4 - 5 - 9 - 4?
-11
What is the value of 8 + 0 + (18 - 29)?
-3
What is 5 + -4 - 11 - (3 - 6)?
-7
Evaluate -13 + (2 - (5 + -9)).
-7
(0 - -27) + 25 + -62
-10
Calculate (-26 - 0) + -66 + 86.
-6
What is -10 - (-2 - 1) - ((-19 - -12) + 11)?
-11
Calculate -19 + 12 + -6 + -4 + 11 - 19.
-25
-1 + (-3 + -8 + 0 - 0)
-12
What is 8 - 9 - -22 - (13 - 3)?
11
Calculate 138 - 154 - (4 + (9 - 4)).
-25
What is -24 - (-4 - 8) - (-44 + 0)?
32
What is the value of (40 + -12 - -2) + (0 + 2 - 10)?
22
Calculate 19 + ((-1 - -6) + (62 - 77) - -3).
12
What is the value of 0 + -9 + -84 + 91 + 13?
11
What is -9 - ((-3 - -1) + 10 + (4 - 11))?
-10
Calculate -2 - -9 - (-4 - (10 - 40)).
-19
What is (2 - 12) + 3 - (12 + -12)?
-7
Evaluate (-3 + -10 - -12) + 5 + -9.
-5
What is 0 - (9 + -2 + 18)?
-25
Evaluate 24 - 5 - (75 - 59).
3
15 + -6 + (6 - 19) + 0
-4
What is the value of 9 + (-7 + 16 - 14) - -2?
6
What is (12 - 0) + -12 - 35 - -7?
-28
Evaluate (-34 - -27) + (6 - 1).
-2
Calculate (-14 - 39) + 40 - (1 - -1).
-15
What is 26 + -14 + -2 + (-11 - -3 - 3)?
-1
Calculate (6 - 16) + (2 - 2) - (90 + -85).
-15
Calculate -15 + (12 - (11 - 6 - -1)).
-9
39 + (-33 + 6 - -7)
19
Calculate 4 + -8 + 12 + -6 + -9.
-7
Calculate (-2 - 3) + 12 - 5 - 19.
-17
-74 + 78 - (-6 + 0 - 1)
11
Calculate 1 + 8 + -4 + -2 + -6.
-3
Calculate -7 + -7 + -22 + 34.
-2
What is the value of 5 - ((30 - 14) + -3)?
-8
What is the value of -10 + 1 + 0 + (-355 - -356)?
-8
Calculate 10 - (6 + -3) - 5 - (-16 - -8).
10
(17 + -30 - 4 - -15) + 5
3
Evaluate 0 + (12 - (25 + -13)).
0
What is 4 + -2 + 6 + -18?
-10
What is the value of -20 + 20 + (-7 - (-3 - -5))?
-9
What is the value of (6 - -77 - 37) + (-19 - -4)?
31
What is -3 - ((6 - -3) + -1 + -9)?
-2
Calculate -5 + (4 - (8 - 10)) + -5 + 1.
-3
What is 32 - (-9 + 9 + 26)?
6
1 - (-3 + 10 + -3 - (-4 + 7))
0
(7 - (-3 + 6) - 1) + (0 - -6)
9
Evaluate 30 + (-21 - (-19 - -26)).
2
Evaluate 26 + 1 + 9 + -5 + -17.
14
What is the value of 24 + -4 - (-88 - -123)?
-15
-23 + -2 + -1 + 14 + (-5 - 0)
-17
Evaluate 8 - (12 - -16) - -15.
-5
What is 33 - ((-16 - 5) + 31)?
23
Calculate (-1 - 1 - (-19 + 16)) + -4.
-3
Evaluate -5 - (2 + (6 - 13)) - (-1 + 2).
-1
-19 + (2 - -46) + 1 + 3 + -10
23
Evaluate -28 + (-7 - -14) + -4.
-25
Evaluate -3 + (9 - (1 + 4)) - 4.
-3
What is the value of -5 + (-3 - -21) - 17?
-4
Calculate 6 + (12 - 13) + -12.
-7
What is the value of -18 + -15 + 23 - -9?
-1
1 + -7 - (-9 + -5 + 10 + 2)
-4
Calculate 28 + 12 + -23 - 11.
6
What is the value of (12 + -5 - -9) + -2?
14
Calculate (-1 - ((-6 - -6) + -9 + 2)) + 3.
9
What is 5 + 1 + 23 + -10 + -12?
7
What is (-77 - -62) + -2 + 0?
-17
Calculate (-2 + -5 - (-12 + (7 - -4))) + -3.
-9
Calculate (-15 - 33) + 100 + -13.
39
What is -21 + (-5 + 20 - 1)?
-7
Calculate 2 + (1 - 6) + -2 + (-504 - -492).
-17
Evaluate 20 - -3 - (7 + 45).
-29
Evaluate 13 + 9 + -44 + -9.
-31
(17 - 3) + -9 - -3
8
(1 - (-5 + 5 + -2) - 3) + 1
1
What is 13 - 24 - (15 + 0) - (3 - 1)?
-28
3 - (-194 - -208 - (1 - -4))
-6
What is (-1 - 8) + 27 + -26?
-8
Calculate 4 + -3 + 2 + -5 + -20 + 22.
0
What is the value of -8 + -8 + 3 + 6 - (-3 - 1)?
-3
What is -12 + -12 + 4 - -24?
4
What is the value of -1 + -2 + (37 - 31) + -1 + 1?
3
What is the value of (7 + 2 - 1) + (-13 - (-33 - -13))?
15
Evaluate 19 + -28 - (0 + 4) - -7.
-6
(-1 - -4) + (-6 + -8 - -16)
5
Calculate 1 + (0 - 7) - (-2 - -1 - 7).
2
-5 + -4 - (4 - -1 - (-30 - -32))
-12
Calculate -1 + (10 - (7 - -17) - -11).
-4
31 + (-45 - -14) + 2 + 28
30
Calculate (-4 + -8 + 48 - 2) + -12.
22
What is the value of (-1 - 4 - (5 - 5)) + 20 + -11?
4
(-34 + 50 - (0 + 8)) + -16
-8
Evaluate 3 + (-3 - (-4 - -3)) - (-49 + 47).
3
Calculate 2 + -3 + 6 + (-6 - (-20 + 8)).
11
What is the value of (-48 - (-16 + 7)) + (-4 - -5) + 5?
-33
What is (8 - -7) + -8 - (24 + -3)?
-14
Calculate 2 + (-11 - ((6 - 11 - -10) + -2)).
-12
What is the value of -5 + (9 + -1 - 11) - 9?
-17
Evaluate 3 + (-2 - (-6 - -3)) + -40 + 43.
7
Evaluate (-5 + 18 + -6 - -2 - 18) + -10.
-19
Calculate (-14 - 18 - -26) + 26.
20
What is the value of (26 - (-8 + 1)) + (1 - (-15 - -8))?
41
What is -10 - ((-20 + 11 - -14) + -31)?
16
What is (2 + -34 - (0 + -7)) + (8 - -1)?
-16
What is 13 - ((46 - -17) + -15) - (-10 + -2)?
-23
(0 - 2) + (-40 + 5 - -14 - -16)
-7
5 + 109 + -126 + (-1 - -5)
-8
Calculate (1 - 0) + 1 - (29 + -8 - 35).
16
Calculate -30 + -2 - (-315 - -271).
12
Evaluate -25 - (-20 - -7) - (-3 + -18).
9
What is -15 + -25 + 27 + 27?
14
13 - (-2 + (-2 - -1) + -15)
31
Evaluate -294 - -269 - ((3 - 0) + -10 + 3).
-21
Calculate -8 + 10 + (4 - 5 - 1) + -36.
-36
22 - 0 - (-24 + 41 + (4 - 13))
14
24 + (2 - (9 + -16)) - 12
21
What is the value of -1 - 3 - (17 - 19 - 0)?
-2
Evaluate 14 + -1 + 2086 + -2125.
-26
What is 26 + (18 - 48) - -22?
18
What is the value of (-51 - -10 - -40) + 16?
15
Calculate (-5 - -5 - (-5 + -1)) + 5.
11
44 + -2 + -3 + -2 + -3 + -4
30
-1 + (-3 + -8 - -1) + 441 + -437
-7
29 + -18 + 1 + -25
-13
Calculate 1 + -25 + 3 + 100 + -98.
-19
Evaluate -1 - ((5 - (-7 - -8 - -5)) + 15).
-15
Evaluate 13 - 1 - (277 + -243).
-22
Evaluate (-10 + 15 + -5 - -5) + 1.
6
What is the value of -2 + (0 - 5 - -5) - -14?
12
What is the value of 1 + -4 + -18 + 9 + 5?
-7
-1 - 0 - 1 - (-319 + 315)
2
-10 - (7 + (-12 - 12)) - (1 + -9)
15
What is -13 - (-21 + (49 - 24))?
-17
What is 15 - (-21 + 13 + 18)?
5
Evaluate 1 + -10 + (-93 - -113).
11
What is (18 - (-63 + 62 - (-4 - 0))) + 5?
20
What is the value of 0 - 15 - (-36 + 19)?
2
What is 6 + 20 + 23 + -37?
12
What is 21 - (-7 + (-23 - -51))?
0
(-1 - -6) + (-26 - -21) + -10
-10
Calculate (1 - -24) + 0 + -177 + 180.
28
What is -14 - (-18 + 11) - (-1 - 0) - 7?
-13
What is the value of -5 - (-22 - -27 - (-1 + 31) - -6)?
14
What is the value of -2 - (-1 - 7 - (130 - 127) - -9)?
0
What is the value of 29 + -17 + (2 - (-8 + 4 - -3))?
15
Evaluate (1 - -5) + (2 - 12 - (-7 - 2)).
5
38 - (-45 + 146 + -36)
-27
What is the value of (5 - 10) + 10 - 16 - 3?
-14
Calculate (-6 - (3 - 0)) + (14 - 18) + 14.
1
What is (11 - 19) + -1 + 20?
11
What is the value of 0 + -13 + 17 + -7 - -1?
-2
Calculate 11 + 8 + (-4 - -10) + -4.
21
Evaluate (-19 - 16) + 23 + 21.
9
(-9 - 1) + -24 - -21
-13
3 - (-14 + 5 - (1 + -9) - 2)
6
Calculate (-13 + -2 + 6 - (-10 - -1)) + -1.
-1
Calculate 14 + -37 + (24 - 28) + -1 + 7.
-21
What is 9 - -3 - (3 + (-5 - -3) - -5)?
6
What is (5 - ((-11 - -12) + 14)) + 9?
-1
Evaluate (4 - 2) + (28 - 23) - (1 - -1).
5
What is the value of -5 + -2 + 7 + 2 + (11 - 6)?
7
What is 23 + -1 + (23 - (32 - 1))?
14
Calculate 1 + 21 + (28 - (25 - -15)).
10
Evaluate 8 - (0 + -7 + 10 + -8 - -6).
7
2 + -24 - (47 - 73)
4
Calculate 13 + 0 - (201 + -205).
17
Evaluate 17 + -9 + -9 + 9.
8
Calculate (-1 - -5) + (24 + -11 - 10).
7
Calculate -10 - (-10 - (-5 - -13)) - 9.
-1
Evaluate 6 + 2 + 63 + -64.
7
Evaluate (33 - -1) + -47 - (8 + 1).
-22
What is (-